+ 14 = -86. Calculate the greatest common factor of v and q.
5
Suppose 1720 = 25*o + 95 - 475. Suppose -13 = -4*y + 211. Calculate the greatest common divisor of o and y.
28
Let n = 40 + -38. Suppose w + w - 3*u - n = 0, 0 = 5*u - 20. What is the greatest common factor of w and 14?
7
Suppose -4*o + 0*c + 876 = c, -424 = -2*o - 4*c. Let g = o - -68. What is the highest common factor of 36 and g?
36
Suppose -2*j - 38 = -50. Let z(i) = i**2 - 2*i + 3. Let d be z(j). Calculate the highest common divisor of d and 9.
9
Suppose -17 - 20 = -m - f, 4*f = -m + 28. What is the highest common divisor of m and 30?
10
Suppose 3*j = -0*j + 60. Let q be (48/j)/((-3)/45*-3). Let y(u) = u**2 + 5*u - 6. Let s be y(-7). What is the highest common divisor of q and s?
4
Let o = -71 - -74. Suppose 5*v = 3*s - 17 - 158, o*s = -v + 181. Calculate the greatest common divisor of 12 and s.
12
Let u = 396 + -366. Let s = 170 - 95. Calculate the highest common divisor of u and s.
15
Let o = 4 + -6. Let m be 60 - (-1 + 4/o). Calculate the highest common divisor of m and 7.
7
Let n(d) = 4*d**2 + 8*d + 29. Let i be n(-3). What is the highest common divisor of i and 369?
41
Let d(q) = q**2 - 7*q + 4. Let g be d(5). Let o = g - -10. Suppose -25 = -o*p + 3*p. What is the greatest common divisor of p and 275?
25
Suppose -y - 8 + 14 = 0. Suppose 7*p + y = 8*p. Suppose p*z + 0 = 150. What is the greatest common divisor of 75 and z?
25
Let c(k) = 3*k**2 - 6*k - 12. Let u be c(6). Suppose -2*i + 26 = -4. What is the greatest common divisor of i and u?
15
Let n be (-10)/(-3)*((-2)/(-4) + 1). Let t = 9 - -1. What is the greatest common divisor of t and n?
5
Let c(s) = 26*s**2 + 6*s - 144. Let r be c(10). What is the highest common divisor of 68 and r?
68
Suppose 0 = -3*v + 5*q + 221 + 119, -3*v - 3*q = -300. Suppose -234 = -23*u + 111. Calculate the highest common factor of u and v.
15
Suppose 13*z - 488 + 98 = 0. Calculate the greatest common factor of z and 42.
6
Let q = 246 - 222. What is the greatest common divisor of q and 792?
24
Suppose 9*p - 1717 + 646 = 0. What is the highest common divisor of 35 and p?
7
Suppose -11*f - 84 = -15*f. Suppose 4*s + 9 = 7*s. Calculate the greatest common divisor of f and s.
3
Suppose -141 = 14*b - 631. Let v = 6 - -8. What is the greatest common divisor of b and v?
7
Let a be 0 + -9 + (-4824)/(-134). Calculate the highest common factor of 864 and a.
27
Let z = 376 + -367. What is the highest common divisor of z and 12?
3
Suppose 4*h = -3*s + 14, -5*h - 3 = 4*s - 22. Suppose -2*t = -s*l + 2*l - 326, -663 = -4*t - 3*l. What is the highest common factor of t and 15?
15
Suppose -4*u - 2632 = -3*k, -10*k + 10593 = 2*k - 3*u. What is the greatest common factor of k and 4?
4
Let m(a) = 4*a**3 - 5*a**2 - 6*a + 7. Let s be m(5). Calculate the highest common factor of 32 and s.
32
Suppose 10*c = 4712 - 432. Suppose -4*q = t - c, -4*t - q + 1757 = -0*t. What is the highest common factor of 40 and t?
40
Suppose 4*x - 2*h = 28, -4*x - h = -2*x - 6. Suppose 565 = 3*o + g, g = x*o + 121 - 1068. Calculate the highest common factor of o and 27.
27
Let o(w) = -17*w - 68 + 146*w - 30*w - 36*w. Let v be o(4). What is the highest common factor of 46 and v?
46
Suppose -10 = -5*g + 10. Suppose -4*x - 6 = -b - 30, -g*b + 4*x = 72. Let n = -12 - b. Calculate the greatest common divisor of n and 24.
4
Let x(b) = -33*b + 7. Let m be x(-1). Calculate the greatest common factor of m and 100.
20
Suppose 0 = -4*j + 2*d + 398, -5*j = -d - 128 - 368. Let q(h) = 2*h**3 + 12*h**2 - h + 3. Let s be q(-6). What is the highest common factor of s and j?
9
Let d(q) = -69 + 3*q - 12*q - 3. Let o be d(-16). Let p = -9 - -17. Calculate the greatest common divisor of p and o.
8
Let x = -62 + 122. Suppose 0 = 7*p - 2*p - x. Suppose z - 10 = 6*z, -u + 3*z = -14. Calculate the highest common factor of p and u.
4
Let h(x) be the third derivative of x**5/30 - 7*x**4/12 - 3*x**3 + x**2. Let b be h(10). What is the highest common divisor of b and 6?
6
Let i = -165 - -891. What is the greatest common divisor of i and 198?
66
Let k(j) = 4*j**3 + 20*j**2 - 3*j + 4. Let s be k(-4). What is the greatest common factor of s and 20?
20
Suppose 502 - 2630 = -7*f. What is the greatest common divisor of 228 and f?
76
Suppose -16 = 4*g, k - 346 = 2*k - g. Let t = 557 + k. Let f(h) = 4*h - 9. Let c be f(8). Calculate the greatest common divisor of c and t.
23
Let q(h) = -3*h**2 - 72*h - 67. Let a be q(-23). Calculate the highest common divisor of 10 and a.
2
Suppose -47*s - 2638 + 10534 = 0. Calculate the greatest common factor of s and 252.
84
Suppose 0 = q - 246 - 118. Calculate the highest common factor of 208 and q.
52
Suppose 2*m + 4*v = -16, -5 = 3*m + 2*v - 1. Let b(x) = 6*x - 8*x - m*x**2 + 8 - 11*x + x**2. Let y be b(-12). Calculate the highest common factor of 5 and y.
5
Suppose 68 = -3*f + 7*f. Let w(n) = 14 - 22*n + 6*n + 10*n. Let r be w(-9). Calculate the highest common factor of f and r.
17
Let a = 40 + -37. Suppose -70 = -2*x - 2*t - a*t, -4*x = 5*t - 130. What is the highest common divisor of x and 240?
30
Suppose -4 = -4*j + 12. Let f be j + (-4)/(-8)*-4. Suppose f*b + 4*i = 152, -4*i = 3*b - 2*i - 216. What is the greatest common divisor of 10 and b?
10
Let j = 198 + -158. Suppose -4*r + 2*r = -4. Suppose r*b - s = -5*s + 16, -5*s - 20 = 0. What is the highest common divisor of j and b?
8
Suppose 534*t = 542*t - 224. Let i(b) = 60*b**2. Let d be i(-1). Suppose 0 = -2*h + 6, -l + 4*h = -300 + d. What is the highest common divisor of l and t?
28
Let t = -21 + 21. Let o(u) = -2*u**2 + u + 88. Let n be o(t). Let g(w) = w**3 + 9*w**2 + 7*w + 3. Let p be g(-8). What is the greatest common factor of p and n?
11
Suppose -4*k - 56*k + 3480 = 0. What is the highest common divisor of 551 and k?
29
Let w(p) be the first derivative of -p**2 + 24*p - 15. Let o be w(-9). Calculate the greatest common factor of 14 and o.
14
Let k = -20 - -20. Suppose 0 = -a - k + 3. Suppose 2*j + 1 = -5*d + 26, -a*j + 57 = d. Calculate the highest common factor of 5 and j.
5
Let m be 28 + -4 - (-2 + 5). Let s = 197 - m. Calculate the highest common divisor of 22 and s.
22
Let w(p) = p**2 + p + 18. Suppose 0 = -10*a + 13*a. Let j be w(a). Calculate the highest common factor of j and 3.
3
Suppose 0*h = h - 18. Let y = -40 - -86. Let f = y + -44. Calculate the highest common factor of h and f.
2
Let b = -61 - -121. Let m be 1652/11 - 3/66*4. What is the greatest common factor of m and b?
30
Suppose -7*w + 9*w = 58. Suppose 4*p + w = 45. What is the highest common divisor of 32 and p?
4
Let n = 284 - 100. Let q = n + -103. Suppose -5*k + 94 = -2*l, -2*l - q = -4*k - 7. Calculate the highest common factor of k and 5.
5
Suppose 2*n - 25 = 47. Calculate the greatest common divisor of n and 156.
12
Let f(k) = -4*k - 3. Let p be f(-2). Let t(c) be the first derivative of 16*c**2 + 5*c - 1. Let z be t(p). Calculate the highest common factor of z and 15.
15
Suppose 0 = -n, -y - 3*n = -5*y. Suppose y = -5*j - 5*d + 45, -2*d + 3 = 3*j - 4*j. Calculate the highest common factor of 35 and j.
5
Let d(l) = -2*l**2 - 49*l - 30. Let h be d(-12). Calculate the greatest common divisor of h and 60.
30
Let n(a) = 6*a + 4. Suppose r - 4*r + 24 = 0. Let l be n(r). Suppose 4*h - l = -4*z, -57 = -3*z - 2*z - h. Calculate the greatest common factor of z and 88.
11
Let a be 6/((12/(-9))/4). Let v = a + 32. Let s(i) = 15*i**3 + 3*i**2 + 8*i - 22. Let q be s(2). What is the greatest common factor of q and v?
14
Let z(t) = 20*t**3 + 2*t - 1. Let b be z(1). Let i be 166 + (4/10)/(3/15). Calculate the highest common divisor of b and i.
21
Let r be ((-88)/(-12))/(4/(-14) - 620/(-651)). Let i be (-1)/2*1*-198. Calculate the highest common divisor of i and r.
11
Let q be 1/(-5) + 1/5. Suppose -2*s + 3*o - o + 14 = q, -5*s = -o - 15. Let z be 2/(s/9)*22. What is the greatest common divisor of 22 and z?
22
Suppose 78 = 3*v + 3*g, -30*v = -28*v + 3*g - 52. Suppose -2*z + 260 = 2*z. What is the highest common divisor of v and z?
13
Let h be (-679)/(-35) - 4/10. Calculate the greatest common divisor of h and 19.
19
Suppose 7*p = -2*p + 468. What is the highest common factor of 91 and p?
13
Let v = 63 + -38. Suppose 5*l - v = 2*f + 144, -3*f = 6. Let t = l + -